d by 208.
187
Calculate the remainder when 6316 is divided by 6313.
3
What is the remainder when 1210 is divided by 302?
2
Calculate the remainder when 4125 is divided by 458.
3
What is the remainder when 400 is divided by 357?
43
What is the remainder when 40067 is divided by 323?
15
What is the remainder when 766592 is divided by 6084?
8
Calculate the remainder when 698832 is divided by 31.
30
Calculate the remainder when 16308 is divided by 195.
123
Calculate the remainder when 11472 is divided by 11464.
8
What is the remainder when 77063 is divided by 61?
20
Calculate the remainder when 6223 is divided by 308.
63
What is the remainder when 22308 is divided by 13?
0
What is the remainder when 14586 is divided by 228?
222
Calculate the remainder when 39058 is divided by 15.
13
Calculate the remainder when 17 is divided by 5.
2
What is the remainder when 49814 is divided by 23?
19
Calculate the remainder when 34075 is divided by 2433.
13
Calculate the remainder when 7133 is divided by 1930.
1343
Calculate the remainder when 718051 is divided by 145.
11
Calculate the remainder when 8298 is divided by 2761.
15
What is the remainder when 15646 is divided by 8?
6
Calculate the remainder when 6996 is divided by 462.
66
What is the remainder when 899225 is divided by 764?
761
Calculate the remainder when 5472 is divided by 646.
304
Calculate the remainder when 6034 is divided by 1968.
130
What is the remainder when 1125475 is divided by 11?
10
What is the remainder when 69917 is divided by 76?
73
Calculate the remainder when 773929 is divided by 12687.
22
Calculate the remainder when 1937 is divided by 652.
633
What is the remainder when 1690 is divided by 213?
199
What is the remainder when 87417 is divided by 38?
17
What is the remainder when 3257 is divided by 248?
33
What is the remainder when 1439 is divided by 449?
92
What is the remainder when 92330 is divided by 1212?
218
Calculate the remainder when 6216238 is divided by 1317.
1315
What is the remainder when 2083320 is divided by 25?
20
What is the remainder when 8052 is divided by 1608?
12
What is the remainder when 806526 is divided by 16?
14
What is the remainder when 10186 is divided by 317?
42
Calculate the remainder when 160380 is divided by 112.
108
Calculate the remainder when 2644 is divided by 1125.
394
What is the remainder when 1676896 is divided by 59?
57
What is the remainder when 179837 is divided by 2948?
9
Calculate the remainder when 49135 is divided by 393.
10
What is the remainder when 9986 is divided by 2486?
42
Calculate the remainder when 4557 is divided by 19.
16
What is the remainder when 1065728 is divided by 166?
8
What is the remainder when 13655 is divided by 455?
5
What is the remainder when 77254 is divided by 623?
2
Calculate the remainder when 966 is divided by 19.
16
Calculate the remainder when 156857 is divided by 22.
19
Calculate the remainder when 3891 is divided by 1294.
9
What is the remainder when 5505 is divided by 110?
5
Calculate the remainder when 14906 is divided by 126.
38
What is the remainder when 5886 is divided by 2941?
4
Calculate the remainder when 28872 is divided by 143.
129
Calculate the remainder when 83083 is divided by 16.
11
Calculate the remainder when 7475 is divided by 211.
90
What is the remainder when 31365 is divided by 378?
369
What is the remainder when 152 is divided by 33?
20
Calculate the remainder when 4982 is divided by 2490.
2
Calculate the remainder when 5345 is divided by 357.
347
What is the remainder when 27832 is divided by 11?
2
What is the remainder when 884665 is divided by 55?
45
Calculate the remainder when 250284 is divided by 8073.
21
Calculate the remainder when 424 is divided by 296.
128
Calculate the remainder when 10472 is divided by 551.
3
What is the remainder when 64219 is divided by 494?
493
What is the remainder when 65822 is divided by 54?
50
Calculate the remainder when 6447 is divided by 267.
39
Calculate the remainder when 1221261 is divided by 323.
321
What is the remainder when 8274 is divided by 90?
84
What is the remainder when 13088 is divided by 35?
33
Calculate the remainder when 28775 is divided by 260.
175
What is the remainder when 3015 is divided by 2083?
932
Calculate the remainder when 18613 is divided by 3721.
8
What is the remainder when 62215 is divided by 15?
10
What is the remainder when 23200 is divided by 148?
112
What is the remainder when 127334 is divided by 88?
86
Calculate the remainder when 22070 is divided by 10700.
670
What is the remainder when 1458 is divided by 118?
42
What is the remainder when 2763 is divided by 673?
71
Calculate the remainder when 284 is divided by 93.
5
What is the remainder when 48175 is divided by 12034?
39
Calculate the remainder when 87911 is divided by 222.
221
What is the remainder when 321 is divided by 62?
11
What is the remainder when 123331 is divided by 123323?
8
Calculate the remainder when 46381 is divided by 16.
13
Calculate the remainder when 11197846 is divided by 113.
111
Calculate the remainder when 102151 is divided by 1792.
7
What is the remainder when 34568 is divided by 605?
83
Calculate the remainder when 1209760 is divided by 387.
385
Calculate the remainder when 3620 is divided by 24.
20
Calculate the remainder when 799981 is divided by 399989.
3
Calculate the remainder when 349029 is divided by 110.
109
What is the remainder when 1965938 is divided by 18?
14
Calculate the remainder when 22796 is divided by 296.
4
Calculate the remainder when 4106 is divided by 2015.
76
Calculate the remainder when 2238 is divided by 359.
84
Calculate the remainder when 2613 is divided by 442.
403
Calculate the remainder when 2669 is divided by 204.
17
Calculate the remainder when 29247 is divided by 379.
64
Calculate the remainder when 85332 is divided by 584.
68
Calculate the remainder when 2196142 is divided by 352.
14
Calculate the remainder when 79786 is divided by 67.
56
What is the remainder when 2352 is divided by 1?
0
Calculate the remainder when 60112 is divided by 21.
10
Calculate the remainder when 62925 is divided by 1165.
15
What is the remainder when 4048 is divided by 4045?
3
Calculate the remainder when 268 is divided by 2.
0
What is the remainder when 70090 is divided by 3882?
214
Calculate the remainder when 10669 is divided by 2844.
2137
What is the remainder when 365005 is divided by 28?
25
What is the remainder when 728 is divided by 144?
8
Calculate the remainder when 1118178 is divided by 196.
194
Calculate the remainder when 17043 is divided by 38.
19
Calculate the remainder when 150016 is divided by 2.
0
What is the remainder when 113557 is divided by 56772?
13
Calculate the remainder when 2752 is divided by 396.
376
What is the remainder when 7540 is divided by 1488?
100
What is the remainder when 29020 is divided by 2902?
0
What is the remainder when 35849 is divided by 4477?
33
What is the remainder when 4564 is divided by 1140?
4
What is the remainder when 60602 is divided by 20182?
56
Calculate the remainder when 953 is divided by 480.
473
What is the remainder when 183146 is divided by 45776?
42
Calculate the remainder when 442335 is divided by 147443.
6
Calculate the remainder when 4754 is divided by 67.
64
What is the remainder when 861 is divided by 451?
410
Calculate the remainder when 201 is divided by 69.
63
Calculate the remainder when 415013 is divided by 415008.
5
What is the remainder when 1214 is divided by 1044?
170
What is the remainder when 10070 is divided by 2962?
1184
What is the remainder when 107164 is divided by 107149?
15
Calculate the remainder when 23223 is divided by 7738.
9
Calculate the remainder when 8231 is divided by 323.
156
Calculate the remainder when 3088 is divided by 183.
160
What is the remainder when 87206 is divided by 15?
11
Calculate the remainder when 20997 is divided by 6970.
87
What is the remainder when 15422 is divided by 76?
70
Calculate the remainder when 94905 is divided by 913.
866
What is the remainder when 77177 is divided by 253?
12
What is the remainder when 579 is divided by 430?
149
Calculate the remainder when 415797 is divided by 252.
249
Calculate the remainder when 14397 is divided by 636.
405
Calculate the remainder when 2343 is divided b